8*g**2. Is 20 a factor of k(2)?
True
Suppose -3*o + 4*i = -32, 5*o - 2*o + 3*i - 39 = 0. Let q(r) = 7*r - 15. Does 7 divide q(o)?
False
Let v(i) = -i**2 + 3*i + 3. Let o be v(-1). Let d(y) be the third derivative of -4*y**6/15 - y**4/12 - y**3/6 - y**2. Does 14 divide d(o)?
False
Is (-13 - 50)*(2 + (-39)/9) a multiple of 60?
False
Let q = -203 - -258. Is q a multiple of 11?
True
Let i be -22 - (3 - (-3)/(-3)). Let a be (i/(-60))/(1/50). Suppose 2*u - a = o, u + 3*o = 5*o + 7. Is 6 a factor of u?
False
Let i(a) = -13 - a**3 + 62*a - 2 + 14*a**2 - 42*a. Is i(15) a multiple of 12?
True
Suppose 4*z = 20 - 156. Let d(v) = 10*v - 76. Let o be d(8). Let c = o - z. Is c a multiple of 8?
False
Suppose 0*f + 4*f = 24. Suppose m = 7 + f. Let i = m + 17. Does 7 divide i?
False
Let a(o) = -23*o + 553. Does 9 divide a(0)?
False
Let c be (-3308)/14 - (-4)/14. Suppose 170 + 87 = 2*s + 3*v, -3*s = -4*v - 394. Is 8 a factor of (-20)/s + c/(-13)?
False
Let j(z) = 54*z**2 + 1. Suppose 0 = -6*i + 5*i - 1. Does 11 divide j(i)?
True
Let a(b) = 11*b**2 - 3. Let d be a(-2). Suppose -p - g + d = 0, 77 = 3*p - p + g. Does 15 divide p?
False
Let u be (-60)/(-210) - (0 + (-233)/(-7)). Let y = 93 + u. Is y a multiple of 10?
True
Suppose -8*w - 3*h - 1835 = -13*w, w - 3*h - 367 = 0. Is w a multiple of 22?
False
Suppose 5*a + 14 = p, 3*a + 5 = -p + 5*p. Is (16/(-4) - p) + 37 a multiple of 17?
True
Let l(n) be the first derivative of n**5/60 + n**4/3 - 2*n**3/3 - n**2/2 - 2. Let v(t) be the second derivative of l(t). Is 13 a factor of v(5)?
False
Let x = -20 + 18. Does 8 divide 51/9*6 + x?
True
Suppose -5*a + 1374 = 2*c, 2*c + 2*a - 1299 - 69 = 0. Does 61 divide c?
False
Is ((-29)/((-1740)/(-40)))/(4/(-798)) a multiple of 19?
True
Is 34 a factor of ((-284)/8 - -1)/(12/(-80))?
False
Let n be 1/(-3)*0*1. Let q(o) = -3*o - o**3 + 7 + o + o + 2*o. Is q(n) a multiple of 7?
True
Suppose 3 = 2*l - 3*n, l + n + 17 = -l. Is 7 a factor of (28/(-8))/(1/l)?
True
Let r be 1 - (4585/(-5) + -2). Is 12 a factor of r/22 - (-40)/220?
False
Let a(o) = -o**3 - 9*o**2 - 16*o - 142. Is a(-12) even?
True
Suppose -2*d - 12 = -7*m + 2*m, -4*d - 24 = m. Let r = d - -26. Does 5 divide r?
True
Let i = 53 - -200. Does 6 divide i?
False
Let j(m) = 17*m + m**2 + 8 + 0 + m + 2. Is j(-24) a multiple of 22?
True
Let t(u) = -u**3 - 2*u**2 - 25*u + 14. Is 3 a factor of t(-7)?
False
Is 13 a factor of 209875/949 + (-1)/(39/6)?
True
Let a = -243 - -91. Let v = 292 + a. Is v a multiple of 35?
True
Let y(i) = -3*i**3 + 45*i**2 + 19*i. Is y(14) a multiple of 14?
True
Suppose -n = -10 + 7. Does 20 divide ((-3)/(-9) + (4 - n))*195?
True
Let g = -107 + 241. Is g a multiple of 8?
False
Suppose i + 0 = 3. Suppose 0 = 5*z - s - 2*s - 87, 0 = z - i*s - 27. Suppose -x - n = x - z, x = 4*n + 21. Is x a multiple of 4?
False
Is 31 a factor of 21/(-1)*(-21 + 7 - 4)?
False
Let b be 7/28 - 138/8. Let h = b - -13. Is (43/(-4))/(1/h) a multiple of 20?
False
Let y(v) = 73*v**2 + 99 - v + 0*v - 100. Let f = 1 - 2. Is y(f) a multiple of 28?
False
Suppose 5*a = -2*w + 104, -a = -2*a - 2. Suppose -5*y + 3*z + 257 = 4*z, 3*z - w = -y. Is y a multiple of 15?
False
Let l = 771 - 129. Is (-5)/(-25) + l/15 a multiple of 4?
False
Let h(y) = y + 1. Let f(k) = k - 10. Let v(c) = -f(c) - 2*h(c). Let w be v(-9). Is 14/w*(25 - 0) a multiple of 7?
False
Suppose 5*x + 4*v - 2514 = 0, -9*v + 5*v - 16 = 0. Does 11 divide x?
True
Let k(h) = 5*h + 1. Let u be k(5). Is 1252/u - 14/91 a multiple of 24?
True
Let m = -306 + 574. Let w = m + -191. Does 27 divide w?
False
Let j be (-2 - 2)/(8/(-6)). Suppose -85 = -2*x + j*c - 4*c, -82 = -2*x + 2*c. Does 14 divide x?
True
Let o = -64 + 76. Is (-2 - (-24)/3)*o a multiple of 24?
True
Suppose 9*x - 1275 = -366. Does 18 divide x?
False
Let b = -106 - -112. Suppose b*a + 4 = 5*a, -3*a = w - 1. Is 6 a factor of w?
False
Let s = -439 - -732. Is s a multiple of 6?
False
Suppose 5*p - 19 = -2*x + 5*x, -5*x = -2*p. Suppose x*r = r - 34. Let m = r + 54. Is m a multiple of 5?
True
Let z(x) = -11*x**3 + 5*x**2 + 3*x - 6. Does 17 divide z(-3)?
False
Let x = 450 + 472. Is 9 a factor of x?
False
Let w be -2 - (-8)/(-2)*-1. Suppose 3*n - 12 = w*u - n, 5*u = -3*n - 17. Is 8 a factor of -4*(1 + 30/u)?
False
Suppose 3*c = -5*f + 29, c - 1 = f + 5*c. Let k(h) = h**2 - h - 5. Does 11 divide k(f)?
False
Let z(c) = c**3 + 17*c**2 + 15*c + 4. Let l be z(-12). Suppose -4*q - 4*n = -440, 0*q - 2*n = 5*q - l. Is 18 a factor of q?
True
Suppose 3*z - 9*z = -2508. Is z a multiple of 38?
True
Let t be -4 + (-3 - (-3 + -213)). Suppose 1 = 5*s - t. Does 6 divide s?
True
Let h = 485 - 383. Does 6 divide h?
True
Let b be ((-6)/(-4))/(7/14). Let o = b - 1. Does 9 divide (-9)/(9/o)*-18?
True
Let k = 37 - 34. Suppose -6 = -3*j + k. Does 3 divide j?
True
Let x(b) be the second derivative of -9/2*b**2 - 1/20*b**5 - 3/4*b**4 + 0 + 5*b - 11/6*b**3. Is 15 a factor of x(-8)?
True
Let g(q) = 3*q + 2. Let w be g(2). Suppose 375 = -5*t + w*t. Is 25 a factor of t?
True
Let h = 2032 - 968. Does 30 divide h?
False
Let g(c) = -1 + 4*c + 5 + 4*c + c. Let h be g(3). Is h + (3 - 3) + 0 a multiple of 9?
False
Let i be 33/(4 - (-1 + 4)). Let c = i - -64. Is c a multiple of 11?
False
Let l(m) = -19*m**2 - 5*m**2 - 10 + 3*m**2 - m**2 + 23*m + m**3. Is 16 a factor of l(21)?
True
Let l = -82 + 85. Is l/(-2)*(-192)/9 a multiple of 16?
True
Suppose -17*f = -4*f - 1391. Is f a multiple of 44?
False
Suppose 4*o - 7*o = -6. Suppose 0 = -2*c - y + 184, 4*y - 3*y = o*c - 184. Is c a multiple of 14?
False
Let g(h) = -h**2 - 12*h - 11. Let x be g(-10). Is 17 a factor of 461/x + (-6)/27?
True
Let s(j) = -2103*j**3 - j**2 - 7*j - 6. Is 11 a factor of s(-1)?
False
Let l(u) = -u**2 - 24*u + 16. Does 13 divide l(-10)?
True
Let o be (1 - -2)*(-4 - 98/(-21)). Suppose o*d - 5*d = -126. Does 7 divide d?
True
Let c(b) = 158*b**2 + 46*b + 187. Is 123 a factor of c(-4)?
False
Let w(k) = -k**3 - 12*k**2 - 7*k + 18. Is w(-12) a multiple of 11?
False
Let v be 8/(-12)*6 + -5 + 3. Is 0 - 4 - (v/(-3) + -34) a multiple of 14?
True
Suppose -552*t - 1088 = -560*t. Is 21 a factor of t?
False
Suppose -13 - 13 = k. Let n = 24 + k. Is 7 a factor of (-49)/n + 15/(-30)?
False
Suppose -7*s = -1968 - 1700. Is s a multiple of 14?
False
Let n(m) = m**2 - 3*m + 24. Let u be n(-15). Suppose -3*d + 3*s + u = 0, -8 = 4*s - 0. Is 8 a factor of d?
True
Is 33 a factor of (676/(-10))/(4 + 1134/(-280))?
False
Does 16 divide 752 - (6 + (1 - 4)) - -4?
False
Suppose z - 21598 = -5*h, 3*z - 4332 = -h + 9*z. Is 20 a factor of h?
True
Let j be 4/10 + 187/(-55). Does 29 divide 104 + 9/j + 1?
False
Let u = 17 - -15. Let d = u + 157. Does 25 divide d?
False
Let t(w) = w**3 - 12*w**2 + 8*w - 5. Let x be t(6). Let m = -85 - x. Does 31 divide m?
False
Suppose 4351 = 3*f + 4*i, 0 = -2*f - 3*i + 1160 + 1741. Suppose 8*u - u = f. Is u a multiple of 23?
True
Let t be (4 - -2)/3 + -2. Suppose -5*f - r + 12 = t, 3*r = 4*f - f - 18. Suppose 3*c - 4*k - 187 = 0, -f*c - 126 = -5*c + 2*k. Does 13 divide c?
True
Let l = -79 - -126. Suppose -l*d - 110 = -52*d. Is 7 a factor of d?
False
Suppose 4 = 4*z - 8. Suppose -5*s - 78 = -z*u - 2*s, 0 = 5*u + 2*s - 123. Does 10 divide u?
False
Let q(v) = 113*v - 3. Is q(6) a multiple of 55?
False
Let p(d) = d**3 - 5*d**2 - d + 1. Let b be p(5). Let o(s) be the second derivative of -s**5/10 - s**4/2 - s**3/3 - 2*s**2 + 2*s - 30. Is o(b) a multiple of 18?
True
Let u(s) = s**3 + 5*s**2 + 3*s - 2. Let f be u(-4). Suppose -q + 271 = 5*r, 161 = r + f*r + q. Is 6 a factor of r?
False
Suppose 11*l - 12*l + h = -220, 1100 = 5*l - 4*h. Is 22 a factor of l?
True
Suppose 554 = m + 3*t, -1675 = -3*m + 4*t - 0*t. Is m a multiple of 44?
False
Does 37 divide (-10)/45 + 3278/9?
False
Let u = 134 + -142. Does 19 divide (-7)/56 + (-705)/u?
False
Let t be ((-5)/(-7) - 1) + 12512/(-161). Let w = 133 + t. Does 11 divide w?
True
Let n(b) = b**3 - 3*b**2 + b + 5. Let q be n(3). Is 23 a factor of (q/3)/(2/48)?
False
Let b(s) = -88*s**2 - 6*s - 6*s + 4 + 12 + 87*s**2. Does 12 divide b(-9)?
False
Let w = -86 - -156. Suppose -p + w = -50. Is 15 a factor of p?
True
Suppose 2*t - t = 0. Suppose -4*f + 283 = -3*v, t = 5*f + 4*v - 2*v - 348. Is f a multiple of 15?
False
Suppose 0 = -3*k - 2*k + 495. Suppose -63 = -3*i + k. Is 9 a 